3
Let y(c) = -c**3 - 5*c**2. Let s be y(-5). Suppose 2*k + k - 18 = s. Let o be (-31)/(-3) + 4/k. Calculate the greatest common divisor of 44 and o.
11
Suppose -5*g + 3*q + 23 = 0, -2*g + 5*g = 3*q + 9. What is the highest common divisor of 21 and g?
7
Let l = 217 + -117. Calculate the highest common divisor of 25 and l.
25
Let y(j) = -25*j**3 + j + 1. Let f be y(-1). Suppose 0 = 3*a + 9, -4*p - 2*a + 49 = -5*a. Calculate the greatest common factor of p and f.
5
Suppose -9*i + 17 = -64. What is the highest common factor of 63 and i?
9
Let m = -85 + 103. Calculate the greatest common factor of m and 12.
6
Let v = 7 + -2. Let z = 9 - v. Suppose b = -b - 3*h + 15, -z*b = -2*h - 38. Calculate the greatest common divisor of b and 18.
9
Let i be 14/28 + 7/2. What is the greatest common factor of 36 and i?
4
Suppose -3*k + 591 = 5*u, 3*u - 390 = -2*k + u. Let r = 51 - 27. What is the highest common divisor of k and r?
24
Suppose -14 = 5*m + 5*d + 1, -d = -m + 3. Let o be m + -2 - -1*11. What is the highest common divisor of 99 and o?
9
Let n(r) = -2*r + 9. Let k be n(-5). Let u = 2 + -11. Let b be u/(2 - k/9). What is the highest common divisor of b and 9?
9
Let n(a) be the second derivative of 0*a**3 + 0 + a + 1/12*a**4 + 7/2*a**2. Let g be n(7). Calculate the highest common factor of g and 7.
7
Let l be (-6)/(-4)*38/3. Calculate the greatest common divisor of l and 152.
19
Let r be 30 - 0 - (4 - 4). Let q = r - 14. Let u(i) = i**2 + i - 4. Let f be u(4). Calculate the greatest common divisor of f and q.
16
Let m be (-4 + 1)*((0 - 16) + -1). Calculate the highest common factor of 17 and m.
17
Let m = 46 + -35. What is the highest common divisor of m and 33?
11
Let g be 12/(-4) + 2 + 82. Calculate the greatest common divisor of g and 9.
9
Let d = -44 - -188. Suppose -7*s + 3*s = -d. Suppose -3*b + 3*x + 3 = -0*x, 5*b - 3*x = 15. Calculate the highest common factor of b and s.
6
Let c(r) = r**2 + 4*r. Let x be c(-4). Suppose 4*q - 402 - 82 = x. What is the greatest common divisor of 11 and q?
11
Let a(q) = q**2 + 10*q + 8. Let t be a(-8). Let s(g) = g**3 + 9*g**2 + 7*g + 3. Let p be s(t). Calculate the highest common factor of p and 11.
11
Suppose w + 31 = 2*w - 5*b, -4*w - 3*b = -9. Calculate the highest common divisor of w and 3.
3
Let y(v) = 2*v**2 - 3*v - 7. Let h be y(-3). What is the greatest common factor of 160 and h?
20
Let w(y) = -y**3 - 12*y**2 - 9*y + 15. Let j be w(-11). Let o = j + 14. Calculate the greatest common factor of o and 21.
7
Suppose -6*h + 20 + 10 = 0. Calculate the greatest common factor of h and 85.
5
Let g be (-1)/(-3) - (623/(-21) + 6). What is the highest common factor of g and 120?
24
Suppose -2*s - 75 = -7*s. What is the greatest common factor of 120 and s?
15
Let w = 299 - 180. Let n(c) = -6*c + 5. Let z(d) = 3*d - 2. Let h(r) = 3*n(r) + 5*z(r). Let y be h(-4). What is the highest common factor of w and y?
17
Let i(a) = 5*a + 4. Let x be i(3). Calculate the highest common factor of 76 and x.
19
Suppose 0 = -0*t + 4*t - 92. Calculate the greatest common factor of t and 46.
23
Let c(k) = -k**2 + 6*k - 7. Let g be c(4). Calculate the highest common divisor of g and 3.
1
Let z = -7 - -10. Suppose z = h - 14. Suppose r = h + 19. What is the greatest common factor of 9 and r?
9
Let t = 10 - 7. Calculate the greatest common factor of t and 21.
3
Suppose -t = 5*c - 658, -3*t + 388 = 3*c + t. Calculate the greatest common factor of c and 12.
12
Let j = -181 + 388. Calculate the greatest common factor of j and 23.
23
Let h(b) = b**3 - 5*b**2 + 3*b + 5. Let l be h(4). Let f = 1 - l. Suppose f = -5*k + 46 + 4. Calculate the greatest common divisor of 10 and k.
10
Let z = -4 + 10. Let c(r) = 2*r**2 - 6*r + 6. Let l be c(4). Let k = l + -2. Calculate the highest common factor of k and z.
6
Let j(y) be the second derivative of -y**3/6 + 4*y**2 + y. Let f be j(-7). Calculate the greatest common factor of f and 10.
5
Let d = 12 + 56. Calculate the highest common factor of 17 and d.
17
Suppose 185 = 4*m + 25. Let s be -2*1/(6/(-9)). Suppose s*z - 27 = -4*t - 2*z, -5*t + 4*z + 44 = 0. Calculate the greatest common divisor of t and m.
8
Let k(w) = w**2 + 6*w + 4. Let z be k(-6). Suppose -51 - 69 = -z*q. Calculate the greatest common factor of q and 6.
6
Suppose -4*f + o = -o - 90, 4*f + 5*o = 83. What is the greatest common factor of f and 33?
11
Suppose 0 = -4*q + 92 - 28. What is the highest common factor of q and 16?
16
Let z(a) = 5 + 6*a**2 - 2 + a**3 + 4 + a - 1. Let c be z(-6). Suppose 0 = -2*o - c*o - 2*j - 8, 4*j = -20. Calculate the highest common divisor of 1 and o.
1
Let p be (-246)/(-24) + 3/(-12). What is the greatest common factor of p and 70?
10
Let w be -57*1/(-3) - 2. Let b be 2/w + 1690/85. What is the greatest common divisor of 4 and b?
4
Let w be (16/(-4 - 0) - -5) + 54. Suppose -3*x = -k - 64, -103 = -5*x + 5*k - 3. What is the greatest common divisor of w and x?
11
Suppose -10*q + 70 = -8*q. Calculate the highest common divisor of 70 and q.
35
Let u be 321 + (-4)/4 + 4. Calculate the greatest common factor of 12 and u.
12
Let w(o) = -10*o - 40. Let r be w(-12). Let i be 468/(-16) + 1/4. Let x = -19 - i. Calculate the highest common factor of r and x.
10
Let x(t) = t**2 - t - 3. Let b be x(-3). Calculate the greatest common divisor of 6 and b.
3
Suppose 58 = 2*b - 5*z - 13, 2*z + 6 = 0. What is the greatest common divisor of b and 14?
14
Let q = -140 - -204. Suppose -q = -2*j - f, 0*f = -5*j - f + 163. Let z = -14 - -36. Calculate the highest common factor of j and z.
11
Suppose -o + 19 = 13. Calculate the greatest common factor of o and 6.
6
Suppose 30 + 0 = 3*l. Let g(z) = -3*z**3 - 4*z**2 - 3*z - 9. Let w be g(-3). Suppose l*b - 5*b = w. What is the greatest common divisor of b and 81?
9
Suppose 3*p = -4*m + 20, 80 = 5*p - 2*m - 3*m. Suppose 0 = -2*c - 8*c + 1200. What is the highest common factor of p and c?
12
Let l(y) be the first derivative of 9*y**2/2 - 2. Let i(x) = 2*x**3 + x**2 - x. Let h be i(1). Let j be l(h). What is the greatest common factor of 180 and j?
18
Suppose v + 0*v - 7 = 3*z, -5*v - 3 = 4*z. Let c(q) = -q**2 + 27*q - 18. Let g be c(26). Calculate the highest common divisor of v and g.
1
Let v be 3*(14 - 0) - (-69)/23. What is the greatest common divisor of 15 and v?
15
Let q(p) = -p**2 + 2*p + 3. Let y be q(3). Let t(z) = z + 10. Let g be t(y). Calculate the greatest common divisor of g and 25.
5
Suppose -s + 20 = 3*s. Calculate the highest common divisor of s and 35.
5
Let b be 3/(-3 + 36/8). Suppose 4*v + 5*t = 8, 0 = b*v - 2*t - t - 26. What is the highest common divisor of 63 and v?
7
Let l(a) = a + 7. Let b be l(-4). Let n be ((-2)/b)/((-2)/18). Suppose 0 = -n*c + 2*c + 504. What is the highest common divisor of c and 18?
18
Suppose 0*l + l = 0. Suppose l*s = 5*s. Suppose s*i - 30 = -3*i. What is the greatest common divisor of 5 and i?
5
Suppose 2*k = -k + 12. Let h(m) = -m**2 + 5*m + 1. Let v be h(k). Suppose 4*o - 80 = 20. Calculate the greatest common factor of v and o.
5
Let o(k) = -8*k - 6. Let p be o(-2). Calculate the greatest common factor of p and 10.
10
Let n be -1 + 1 - (-1 + -1). Suppose -n*x - 4 = 4*c + x, -5*x = -4*c + 28. Let m be 12 + (-1 - -2)*c. Calculate the highest common factor of m and 70.
14
Let m = -46 - -32. Let b = 18 + m. What is the greatest common divisor of 28 and b?
4
Suppose 3*v + 5*s = 38, -v + 3*s = -0*v + 6. What is the greatest common divisor of 48 and v?
6
Suppose 0 = 5*o - 13 - 2, 5*o = 4*g + 311. Let w = -50 - g. What is the highest common factor of w and 8?
8
Suppose -11*x + 15 = -6*x. What is the greatest common divisor of x and 15?
3
Suppose 2*t - 4*k = 35 - 3, 0 = 5*k - 15. What is the greatest common factor of t and 22?
22
Let i be -2*-3*7/6. Let x = 9 - i. Calculate the highest common divisor of x and 2.
2
Let o(p) = -p + 15. Let h be o(12). Suppose 2*v = -h*a + 57, 4*a + 16 = -4. Calculate the greatest common divisor of v and 18.
18
Let x = 12 - 9. Suppose -3*u + 4*a = -7*u + 16, -6 = 3*u - x*a. What is the highest common divisor of 8 and u?
1
Suppose 0 = 3*a - 6 - 12. Suppose a*v - 2*v + 5*n - 24 = 0, -3*n = 0. Let k be -2 + 2 - -46 - 6/(-3). Calculate the highest common factor of k and v.
6
Let i be 0 + 1 + 9 + 0. Let p be ((-6)/(-10))